 13*k(m). Determine b(4).
-10
Let h(v) = 660*v + 25 - 331*v - 327*v. Let c be 1 + (1 - (0 + 18)). What is h(c)?
-7
Let g be (213/142)/((-6)/(-32)). Let t(i) = g*i + i - 6*i**2 + 13 - 6*i - i**3 + 6*i. Determine t(-7).
-1
Let o(a) be the third derivative of a**5/60 + a**4/6 - 5*a**2 - 5. Let h be (-13)/(-78) + ((-21)/18 - 2). Determine o(h).
-3
Let a be ((-2)/2)/((-1)/(-5)). Let w(i) be the third derivative of i**6/120 + i**5/10 + 5*i**4/24 + i**3/6 - 71554*i**2. Give w(a).
1
Suppose -2*b + 4*b + 3*t - 13 = 0, 0 = -3*t + 3. Let a(f) = f**2 + 1. Let m = 406 - 403. Let z(s) = -4*s**2 + 3. Let d(l) = m*a(l) + z(l). Calculate d(b).
-19
Let d(o) be the first derivative of 1/2*o**2 + 254 + 19*o. Calculate d(0).
19
Let k be (-12)/(-9)*((-3450)/40)/23. Let m be ((-3)/(-2))/((-1)/(-2)). Let d(x) = x**2 + 7*x + 7 - 3 + m - 2. Determine d(k).
-5
Let p(d) = 9*d - 19. Let u be p(6). Let x(y) = -12 - 13 - y + u + y**2 - 9. Give x(3).
7
Let r(y) = 46*y**2 - 135*y**2 + 90*y**2 - 39 + 2*y. Determine r(0).
-39
Let o(q) = -8. Let a(r) = -r - 2. Let y(w) = a(w) - o(w). Suppose 0 = 6*k - 2*k - 5*n + 17, 12 = -4*n. Calculate y(k).
14
Let u = -21 - -25. Suppose 5*d = -20, -3*f = -0*f - u*d - 22. Let o(w) = -w + 10*w**2 - 7*w**f - 2*w**2 - 2. Give o(0).
-2
Let i = -13 - -10. Let k(y) = 2 + 27*y + 23*y - 48*y + 0. Calculate k(i).
-4
Suppose 318 = -40*l - 2. Let k be l + 602/70 + (-17)/(-5). Let y(x) = -2*x**2 + 8*x - 2. What is y(k)?
-2
Let a be (5/(-2) + 2)*-10. Suppose a = k - 6*k. Let j(r) be the first derivative of 6*r**2 - r - 338. What is j(k)?
-13
Let t = 80 + -79. Let c(s) = s**3 - 8*s**2 - 19*s + 3. Let j(a) = 2*a + 1. Let v(g) = t*c(g) + 5*j(g). Give v(9).
8
Suppose 0 = 183*u - 84 + 84. Let p(y) = y**2 - 9*y - 28. Determine p(u).
-28
Let o(f) = 2*f**2 - 35*f + 63. Let k be o(16). Let h(w) = 3*w + 3*w + 1 - 4*w - k*w. Calculate h(1).
-12
Let s(h) = 10*h - 464. Suppose 0 = 9*z + 512 - 935. Determine s(z).
6
Suppose 55*k - 174 = -3*k. Let l be (-3)/(k/(-2)) + 48/12. Let y(h) = h**2 - 8*h + 21. Give y(l).
9
Let x(a) = 8*a + 19. Let c(v) be the third derivative of -23*v**4/24 - 55*v**3/6 - v**2 - 14. Let y(i) = 6*c(i) + 17*x(i). Determine y(-8).
9
Let s(l) = -2*l**2 - 103*l - 93*l - 69 + 274*l. Give s(38).
7
Suppose -5*p + 6 = 2*q, 2*q + 0*q + 2*p - 6 = 0. Let j(f) = f**2 - q + 2*f + 0*f + 3*f + 0*f. Let k(y) = -y**2 - 44*y - 368. Let u be k(-33). Calculate j(u).
-3
Let q(w) = -w**3 + 24*w**2 - 6*w - 3. Let k(p) = 7*p**2 - p - 1. Let v(m) = -3*k(m) + q(m). Calculate v(2).
-2
Let a(g) = -41*g + 34. Let b(c) = 24*c - 18. Let y(z) = 4*a(z) + 7*b(z). What is y(-2)?
2
Let l(o) be the third derivative of o**5/20 + 7*o**4/24 + 4*o**3/3 - 8*o**2 - 66*o. What is l(-5)?
48
Let b(h) = -2*h - 19. Let j = -339 + 371. Suppose 2*w + j = 6. Give b(w).
7
Let v be ((0 + 1)*0/(6 + -5))/1. Let d(k) = 2*k**3 - k**2 + 3*k + 3. Give d(v).
3
Suppose -104*l + 97 = 182*l - 189. Let a(g) = 7*g - 9. What is a(l)?
-2
Let q(z) = z**3 - 19*z**2 + 2. Let h be q(19). Let b(i) = -2 + 1 - h + i**2 + 6*i. Suppose 2*x + 4*l + 3 = 1, 5*x - 5*l + 35 = 0. Determine b(x).
-8
Let l(h) = h + 6. Let q(b) = -3*b - 16. Let a(t) = 17*l(t) + 6*q(t). Let i(c) = -2*c + 11. Let z(g) = -5*a(g) + 3*i(g). Let n = 70 - 64. Calculate z(n).
-3
Let c(n) be the first derivative of 1/360*n**6 + 22 + 0*n**2 - 1/30*n**5 + 9*n**3 - 1/6*n**4 + 0*n. Let h(i) be the third derivative of c(i). Give h(5).
1
Let f = -30 - -18. Let m(k) = -2*k**3 - 48*k**2 - 2*k - 26. Let r(j) = -j**3 - 23*j**2 - 12. Let v(l) = 6*m(l) - 13*r(l). What is v(f)?
0
Suppose -28 + 22 = -q. Suppose -3*k + 12 + q = 0. Let j(y) = y**3 - 7*y**2 + 8*y - 4. Calculate j(k).
8
Let x(f) = -27636138*f**2 - 26*f + f**3 + 27636131*f**2 - 7*f + 23. Give x(10).
-7
Let z(m) = -6*m + 8. Let n(w) = -2*w**3 - 8*w**2 - 11*w + 1. Let l be n(-8). Let q = l - 595. What is z(q)?
-28
Let z(w) = 0 + 2 + 3 - w**2 + w. Let f = 14270 - 14263. Determine z(f).
-37
Let n be (-5)/(-2) + 8/(-16)*-1. Let i(h) = -6 + n - 22*h**2 + 6*h + 12*h**2 + 3*h - 5*h**3. Let k(a) = a**3. Let v(u) = -i(u) - 6*k(u). Determine v(9).
3
Suppose -24*g + 15 + 155 = 61*g. Let a(p) = 3*p**2 - 2. Give a(g).
10
Let g(s) = -s**3 - 9*s**2 + 8. Let n(x) be the third derivative of x**4/6 + 31*x**3/6 - 9*x**2 - x. Let b be n(-10). Determine g(b).
8
Let c(k) = 26*k - 82*k + 29 - 2*k**2 + 107*k. Calculate c(26).
3
Let p(v) be the third derivative of 1/24*v**4 + 0 + 16*v**2 + 0*v + 0*v**3. Give p(-5).
-5
Let u(n) be the second derivative of -n**3/2 - 7*n**2/2 - 4*n + 18. Suppose -15*k = -16*k + 7. Determine u(k).
-28
Let g(m) = m**2 - 2*m - 2. Suppose 3*f + 0*n = 4*n + 33, -f + 19 = -4*n. Suppose f*a + 405 = 4*a. Let v = a + 138. Give g(v).
1
Let u be 373 - (0 + 10/(-2)). Let g(i) = 384 - i**2 + 4*i - u + 3*i**2. Let d(c) = -3*c**2 - 5*c - 7. Let o(b) = 5*d(b) + 6*g(b). Calculate o(-2).
-9
Let q be (-40)/28*-7*2. Let y be q/(-15)*21/14. Let t(o) = -o**3 - 4*o**2 + o. Give t(y).
-10
Let m(o) = -2*o**2 + o - 2. Let s(l) = -2*l**2 + l - 2. Let h(t) = -6*m(t) + 5*s(t). Let c(a) = -a**2 + 19*a - 50. Let y be c(16). Give h(y).
12
Let s(p) = -36*p - 184. Let m be s(-5). Let w be 68/(-11) - m*(-7)/(-154). Let d(h) = -h**2 - 4*h. Calculate d(w).
-12
Let c(v) = -7*v + 8. Suppose -5*n - 23 = -3*i, -7*i = -5*i - 4*n - 18. What is c(i)?
1
Let f(c) = -27*c + 412. Let o be f(15). Let m(x) = x**3 - 5*x**2 - 13*x + 8. Determine m(o).
15
Let l(z) = -z**3 + 12*z**2 - 10*z + 2. Let c be 10/55 - -119*3/33. Let d be l(c). Let q(y) = -y**2 + 14*y - 16. Determine q(d).
-3
Let b(r) be the second derivative of r**5/20 + r**4/12 - r**3/6 - 5*r**2 - 812*r. Let p(f) = f**2 - 3*f + 4. Let d be p(3). Suppose 0 = -s + d*s. What is b(s)?
-10
Let b(c) = c**3 - 8*c**2 + 11*c - 4. Let u = -1926 + 1933. What is b(u)?
24
Let x(q) = 7 - 25 + 254950*q**2 - 21*q + q**3 - 254952*q**2. Give x(6).
0
Suppose -z - z = -0*z. Let w(b) = z*b**3 - 3*b**2 + b**3 + b**2 - 1 - 41*b + 43*b + 0*b**2. Let o = 2 - 1. Calculate w(o).
0
Suppose -w + 5*w + 3*f - 34 = 0, -f = -w + 5. Let j(m) = 13*m - 6*m + m - w*m. What is j(-3)?
-3
Suppose 4*r = -3*t + 2, 2*r - t + 3*t = 0. Suppose r*o + 1 - 149 = 0. Let x(g) = 0*g**2 + g**2 - 74 + 2*g + o. Calculate x(-2).
0
Suppose -4*t - 4*z + 1 = -3, 5*t - 3*z - 37 = 0. Suppose -5 = t*k, 5*k = 2*x - 12 - 11. Suppose -4 = -u - x. Let v(g) = -g**3 - 6*g**2 - 5*g - 2. Give v(u).
-2
Let c(t) = 3*t**3 - 5*t**2 - 2*t + 3. Let j be (117/156)/((-1)/(-4)). Give c(j).
33
Let l = -5761 - -5758. Let r(i) = 6*i**2 + 18*i + 5. Give r(l).
5
Let u(i) = i**3 - 10*i**2 + 2*i - 1. Let c(a) = 2*a**3 - 37*a**2 + 5*a - 1. Let o(w) = c(w) - 4*u(w). Give o(3).
-33
Let y(k) = -k**3 + 7*k**2 - 9*k + 19. Suppose -6*f = -12*f - 3*m + 36, -4*f - 3*m + 24 = 0. Calculate y(f).
1
Suppose -5*w + v - 457 = 2*v, w - 4*v + 104 = 0. Let z = 97 + w. Let a(b) = -6*b**2 + z*b - 7 + 4*b**2 + 5. Give a(3).
-5
Suppose -37*g + 864 = 395*g. Let i(u) = u**2 - 7*u + 2. Let v(w) = w. Let a(s) = -i(s) - 5*v(s). Calculate a(g).
-2
Let h(i) be the first derivative of i**4/4 + 26*i**3/3 - i**2/2 - 47*i - 2949. What is h(-26)?
-21
Let t(v) = 12*v**3 - 15*v**2 - 25*v + 56. Let h(r) = -7*r**3 + 11*r**2 + 13*r - 29. Let z(g) = -5*h(g) - 3*t(g). What is z(-11)?
-12
Suppose 17*d = 2*d - 15. Let k(b) = -5*b - 14 + 52 - 14 - 14 - 9. Give k(d).
6
Let m(b) = -b**3 + 14*b**2 - 15*b + 29. Let k be m(13). Suppose k*j - 16*y + 20*y + 34 = 0, 2*y = -j - 10. Let h(a) = a**2 + 15*a + 20. What is h(j)?
6
Let a(i) = -i**2 - i + 1. Let m(f) = f**3 + 6*f**2 + 2*f. Let o(s) = -a(s) - m(s). Suppose 134 = 53*p + 346. Give o(p).
-13
Let z(l) = -10*l - 62. Let o be (0 - 1)*(1 - -3)*161/92. Calculate z(o).
8
Let d(l) = -4 - 4279*l**3 + 4278*l**3 + 33*l + l**2 + 4*l**2. What is d(-4)?
8
Let f be (6/(-2))/((-1)/(-152)). Let q be f/28 - (-2)/7. Let m be 4/2 - q/(-4). Let i(p) = p**3 + 3*p**2 + 2*p - 1. Give i(m).
-1
Let y(i) be the first derivative of 15*i**4/4 + 3*i**2/2 + 2*i + 204. Determine y(-1).
-16
Let s(m) = -m + 2. Suppose 2*f + f - 12 = 0. Suppose 4*i = -l + 3*i - f, -4*i - 10 = l. Let z be (8/(-2))/l - -5. Calculate s(z).
-5
Let s(y) = 7*y + 36. Let p be s(-6). Let o = -8 - p. Let z(x) = -3*x - 4. Calculate z(o).
2
Let v(t) = -t + 2. Suppose 0 = -12*m - 18 + 102. Suppose 15 = 2*x + m. Suppose -56 = -x*g +